{"id":958,"date":"2023-10-06T13:48:51","date_gmt":"2023-10-06T13:48:51","guid":{"rendered":"https:\/\/marenostrumrealestate.com\/?page_id=958"},"modified":"2023-10-06T14:51:51","modified_gmt":"2023-10-06T14:51:51","slug":"viviendas-unifamiliares-begur","status":"publish","type":"page","link":"https:\/\/marenostrumrealestate.com\/index.php\/viviendas-unifamiliares-begur\/","title":{"rendered":"Viviendas Unifamiliares Begur"},"content":{"rendered":"\t\t<div data-elementor-type=\"wp-page\" data-elementor-id=\"958\" class=\"elementor elementor-958\" data-elementor-post-type=\"page\">\n\t\t\t\t\t\t<section class=\"elementor-section elementor-top-section elementor-element elementor-element-c14a65c elementor-section-full_width elementor-section-height-min-height elementor-section-items-stretch elementor-section-height-default wpr-particle-no wpr-jarallax-no wpr-parallax-no wpr-sticky-section-no wpr-equal-height-no\" data-id=\"c14a65c\" data-element_type=\"section\" data-e-type=\"section\">\n\t\t\t\t\t\t<div class=\"elementor-container elementor-column-gap-no\">\n\t\t\t\t\t<div class=\"elementor-column elementor-col-50 elementor-top-column elementor-element elementor-element-48a81523\" data-id=\"48a81523\" data-element_type=\"column\" data-e-type=\"column\">\n\t\t\t<div class=\"elementor-widget-wrap elementor-element-populated\">\n\t\t\t\t\t\t<section class=\"elementor-section elementor-inner-section elementor-element elementor-element-5c5f059a elementor-section-full_width elementor-section-height-default elementor-section-height-default wpr-particle-no wpr-jarallax-no wpr-parallax-no wpr-sticky-section-no wpr-equal-height-no\" data-id=\"5c5f059a\" data-element_type=\"section\" data-e-type=\"section\">\n\t\t\t\t\t\t<div class=\"elementor-container elementor-column-gap-no\">\n\t\t\t\t\t<div class=\"elementor-column elementor-col-100 elementor-inner-column elementor-element elementor-element-257b4611\" data-id=\"257b4611\" data-element_type=\"column\" data-e-type=\"column\">\n\t\t\t<div class=\"elementor-widget-wrap elementor-element-populated\">\n\t\t\t\t\t\t<div class=\"elementor-element elementor-element-447777d5 elementor-invisible elementor-widget elementor-widget-heading\" data-id=\"447777d5\" data-element_type=\"widget\" data-e-type=\"widget\" data-settings=\"{&quot;_animation&quot;:&quot;fadeInUp&quot;}\" data-widget_type=\"heading.default\">\n\t\t\t\t<div class=\"elementor-widget-container\">\n\t\t\t\t\t<h3 class=\"elementor-heading-title elementor-size-default\">construcci\u00f3n<\/h3>\t\t\t\t<\/div>\n\t\t\t\t<\/div>\n\t\t\t\t<div class=\"elementor-element elementor-element-2ead0334 elementor-widget elementor-widget-heading\" data-id=\"2ead0334\" data-element_type=\"widget\" data-e-type=\"widget\" data-widget_type=\"heading.default\">\n\t\t\t\t<div class=\"elementor-widget-container\">\n\t\t\t\t\t<h1 class=\"elementor-heading-title elementor-size-default\">Construcci\u00f3n de viviendas unifamiliares en begur<\/h1>\t\t\t\t<\/div>\n\t\t\t\t<\/div>\n\t\t\t\t<div class=\"elementor-element elementor-element-4f584114 elementor-widget-divider--view-line elementor-widget elementor-widget-divider\" data-id=\"4f584114\" data-element_type=\"widget\" data-e-type=\"widget\" data-widget_type=\"divider.default\">\n\t\t\t\t<div class=\"elementor-widget-container\">\n\t\t\t\t\t\t\t<div class=\"elementor-divider\">\n\t\t\t<span class=\"elementor-divider-separator\">\n\t\t\t\t\t\t<\/span>\n\t\t<\/div>\n\t\t\t\t\t\t<\/div>\n\t\t\t\t<\/div>\n\t\t\t\t<div class=\"elementor-element elementor-element-61eb333c elementor-invisible elementor-widget elementor-widget-text-editor\" data-id=\"61eb333c\" data-element_type=\"widget\" data-e-type=\"widget\" data-settings=\"{&quot;_animation&quot;:&quot;fadeInUp&quot;}\" data-widget_type=\"text-editor.default\">\n\t\t\t\t<div class=\"elementor-widget-container\">\n\t\t\t\t\t\t\t\t\t<p>Construcci\u00f3n de viviendas unifamiliares en Begur<\/p>\t\t\t\t\t\t\t\t<\/div>\n\t\t\t\t<\/div>\n\t\t\t\t\t<\/div>\n\t\t<\/div>\n\t\t\t\t\t<\/div>\n\t\t<\/section>\n\t\t\t\t\t<\/div>\n\t\t<\/div>\n\t\t\t\t<div class=\"elementor-column elementor-col-50 elementor-top-column elementor-element elementor-element-5f738330\" data-id=\"5f738330\" data-element_type=\"column\" data-e-type=\"column\" data-settings=\"{&quot;background_background&quot;:&quot;classic&quot;}\">\n\t\t\t<div class=\"elementor-widget-wrap elementor-element-populated\">\n\t\t\t\t\t\t<div class=\"elementor-element elementor-element-74f9f248 elementor-widget elementor-widget-spacer\" data-id=\"74f9f248\" data-element_type=\"widget\" data-e-type=\"widget\" data-widget_type=\"spacer.default\">\n\t\t\t\t<div class=\"elementor-widget-container\">\n\t\t\t\t\t\t\t<div class=\"elementor-spacer\">\n\t\t\t<div class=\"elementor-spacer-inner\"><\/div>\n\t\t<\/div>\n\t\t\t\t\t\t<\/div>\n\t\t\t\t<\/div>\n\t\t\t\t\t<\/div>\n\t\t<\/div>\n\t\t\t\t\t<\/div>\n\t\t<\/section>\n\t\t\t\t<section class=\"elementor-section elementor-top-section elementor-element elementor-element-7d5b20c elementor-section-boxed elementor-section-height-default elementor-section-height-default wpr-particle-no wpr-jarallax-no wpr-parallax-no wpr-sticky-section-no wpr-equal-height-no\" data-id=\"7d5b20c\" data-element_type=\"section\" data-e-type=\"section\" data-settings=\"{&quot;background_background&quot;:&quot;classic&quot;}\">\n\t\t\t\t\t\t<div class=\"elementor-container elementor-column-gap-default\">\n\t\t\t\t\t<div class=\"elementor-column elementor-col-100 elementor-top-column elementor-element elementor-element-daf32df\" data-id=\"daf32df\" data-element_type=\"column\" data-e-type=\"column\">\n\t\t\t<div class=\"elementor-widget-wrap elementor-element-populated\">\n\t\t\t\t\t\t<div class=\"elementor-element elementor-element-a0aade8 elementor-widget elementor-widget-heading\" data-id=\"a0aade8\" data-element_type=\"widget\" data-e-type=\"widget\" data-widget_type=\"heading.default\">\n\t\t\t\t<div class=\"elementor-widget-container\">\n\t\t\t\t\t<h1 class=\"elementor-heading-title elementor-size-default\">galer\u00eda<\/h1>\t\t\t\t<\/div>\n\t\t\t\t<\/div>\n\t\t\t\t<div class=\"elementor-element elementor-element-042bc45 elementor-widget elementor-widget-gallery\" data-id=\"042bc45\" data-element_type=\"widget\" data-e-type=\"widget\" data-settings=\"{&quot;gallery_layout&quot;:&quot;masonry&quot;,&quot;columns&quot;:2,&quot;gap&quot;:{&quot;unit&quot;:&quot;px&quot;,&quot;size&quot;:3,&quot;sizes&quot;:[]},&quot;image_hover_animation&quot;:&quot;grow&quot;,&quot;content_sequenced_animation&quot;:&quot;yes&quot;,&quot;lazyload&quot;:&quot;yes&quot;,&quot;columns_tablet&quot;:2,&quot;columns_mobile&quot;:1,&quot;gap_tablet&quot;:{&quot;unit&quot;:&quot;px&quot;,&quot;size&quot;:10,&quot;sizes&quot;:[]},&quot;gap_mobile&quot;:{&quot;unit&quot;:&quot;px&quot;,&quot;size&quot;:10,&quot;sizes&quot;:[]},&quot;link_to&quot;:&quot;file&quot;,&quot;overlay_background&quot;:&quot;yes&quot;,&quot;content_hover_animation&quot;:&quot;fade-in&quot;}\" data-widget_type=\"gallery.default\">\n\t\t\t\t<div class=\"elementor-widget-container\">\n\t\t\t\t\t\t\t<div class=\"elementor-gallery__container\">\n\t\t\t\t\t\t\t<a class=\"e-gallery-item elementor-gallery-item elementor-animated-content\" href=\"https:\/\/marenostrumrealestate.com\/wp-content\/uploads\/2023\/10\/Begur-05-scaled.jpg\" data-elementor-open-lightbox=\"yes\" data-elementor-lightbox-slideshow=\"042bc45\" data-elementor-lightbox-title=\"Begur 05\" data-e-action-hash=\"#elementor-action%3Aaction%3Dlightbox%26settings%3DeyJpZCI6OTY0LCJ1cmwiOiJodHRwczpcL1wvbWFyZW5vc3RydW1yZWFsZXN0YXRlLmNvbVwvd3AtY29udGVudFwvdXBsb2Fkc1wvMjAyM1wvMTBcL0JlZ3VyLTA1LXNjYWxlZC5qcGciLCJzbGlkZXNob3ciOiIwNDJiYzQ1In0%3D\">\n\t\t\t\t\t<div class=\"e-gallery-image elementor-gallery-item__image\" data-thumbnail=\"https:\/\/marenostrumrealestate.com\/wp-content\/uploads\/2023\/10\/Begur-05-768x576.jpg\" data-width=\"768\" data-height=\"576\" aria-label=\"\" role=\"img\" ><\/div>\n\t\t\t\t\t\t\t\t\t\t\t<div class=\"elementor-gallery-item__overlay\"><\/div>\n\t\t\t\t\t\t\t\t\t\t\t\t\t\t<\/a>\n\t\t\t\t\t\t\t<a class=\"e-gallery-item elementor-gallery-item elementor-animated-content\" href=\"https:\/\/marenostrumrealestate.com\/wp-content\/uploads\/2023\/10\/Begur-04-scaled.jpg\" data-elementor-open-lightbox=\"yes\" data-elementor-lightbox-slideshow=\"042bc45\" data-elementor-lightbox-title=\"Begur 04\" data-e-action-hash=\"#elementor-action%3Aaction%3Dlightbox%26settings%3DeyJpZCI6OTYzLCJ1cmwiOiJodHRwczpcL1wvbWFyZW5vc3RydW1yZWFsZXN0YXRlLmNvbVwvd3AtY29udGVudFwvdXBsb2Fkc1wvMjAyM1wvMTBcL0JlZ3VyLTA0LXNjYWxlZC5qcGciLCJzbGlkZXNob3ciOiIwNDJiYzQ1In0%3D\">\n\t\t\t\t\t<div class=\"e-gallery-image elementor-gallery-item__image\" data-thumbnail=\"https:\/\/marenostrumrealestate.com\/wp-content\/uploads\/2023\/10\/Begur-04-768x462.jpg\" data-width=\"768\" data-height=\"462\" aria-label=\"\" role=\"img\" ><\/div>\n\t\t\t\t\t\t\t\t\t\t\t<div class=\"elementor-gallery-item__overlay\"><\/div>\n\t\t\t\t\t\t\t\t\t\t\t\t\t\t<\/a>\n\t\t\t\t\t\t\t<a class=\"e-gallery-item elementor-gallery-item elementor-animated-content\" href=\"https:\/\/marenostrumrealestate.com\/wp-content\/uploads\/2023\/10\/begur-03-scaled.jpg\" data-elementor-open-lightbox=\"yes\" data-elementor-lightbox-slideshow=\"042bc45\" data-elementor-lightbox-title=\"begur 03\" data-e-action-hash=\"#elementor-action%3Aaction%3Dlightbox%26settings%3DeyJpZCI6OTYyLCJ1cmwiOiJodHRwczpcL1wvbWFyZW5vc3RydW1yZWFsZXN0YXRlLmNvbVwvd3AtY29udGVudFwvdXBsb2Fkc1wvMjAyM1wvMTBcL2JlZ3VyLTAzLXNjYWxlZC5qcGciLCJzbGlkZXNob3ciOiIwNDJiYzQ1In0%3D\">\n\t\t\t\t\t<div class=\"e-gallery-image elementor-gallery-item__image\" data-thumbnail=\"https:\/\/marenostrumrealestate.com\/wp-content\/uploads\/2023\/10\/begur-03-768x576.jpg\" data-width=\"768\" data-height=\"576\" aria-label=\"\" role=\"img\" ><\/div>\n\t\t\t\t\t\t\t\t\t\t\t<div class=\"elementor-gallery-item__overlay\"><\/div>\n\t\t\t\t\t\t\t\t\t\t\t\t\t\t<\/a>\n\t\t\t\t\t\t\t<a class=\"e-gallery-item elementor-gallery-item elementor-animated-content\" href=\"https:\/\/marenostrumrealestate.com\/wp-content\/uploads\/2023\/10\/begur-02-scaled.jpg\" data-elementor-open-lightbox=\"yes\" data-elementor-lightbox-slideshow=\"042bc45\" data-elementor-lightbox-title=\"begur 02\" data-e-action-hash=\"#elementor-action%3Aaction%3Dlightbox%26settings%3DeyJpZCI6OTYxLCJ1cmwiOiJodHRwczpcL1wvbWFyZW5vc3RydW1yZWFsZXN0YXRlLmNvbVwvd3AtY29udGVudFwvdXBsb2Fkc1wvMjAyM1wvMTBcL2JlZ3VyLTAyLXNjYWxlZC5qcGciLCJzbGlkZXNob3ciOiIwNDJiYzQ1In0%3D\">\n\t\t\t\t\t<div class=\"e-gallery-image elementor-gallery-item__image\" data-thumbnail=\"https:\/\/marenostrumrealestate.com\/wp-content\/uploads\/2023\/10\/begur-02-768x576.jpg\" data-width=\"768\" data-height=\"576\" aria-label=\"\" role=\"img\" ><\/div>\n\t\t\t\t\t\t\t\t\t\t\t<div class=\"elementor-gallery-item__overlay\"><\/div>\n\t\t\t\t\t\t\t\t\t\t\t\t\t\t<\/a>\n\t\t\t\t\t\t\t<a class=\"e-gallery-item elementor-gallery-item elementor-animated-content\" href=\"https:\/\/marenostrumrealestate.com\/wp-content\/uploads\/2023\/10\/begur-01-scaled.jpg\" data-elementor-open-lightbox=\"yes\" data-elementor-lightbox-slideshow=\"042bc45\" data-elementor-lightbox-title=\"begur 01\" data-e-action-hash=\"#elementor-action%3Aaction%3Dlightbox%26settings%3DeyJpZCI6OTYwLCJ1cmwiOiJodHRwczpcL1wvbWFyZW5vc3RydW1yZWFsZXN0YXRlLmNvbVwvd3AtY29udGVudFwvdXBsb2Fkc1wvMjAyM1wvMTBcL2JlZ3VyLTAxLXNjYWxlZC5qcGciLCJzbGlkZXNob3ciOiIwNDJiYzQ1In0%3D\">\n\t\t\t\t\t<div class=\"e-gallery-image elementor-gallery-item__image\" data-thumbnail=\"https:\/\/marenostrumrealestate.com\/wp-content\/uploads\/2023\/10\/begur-01-768x576.jpg\" data-width=\"768\" data-height=\"576\" aria-label=\"\" role=\"img\" ><\/div>\n\t\t\t\t\t\t\t\t\t\t\t<div class=\"elementor-gallery-item__overlay\"><\/div>\n\t\t\t\t\t\t\t\t\t\t\t\t\t\t<\/a>\n\t\t\t\t\t\t\t<a class=\"e-gallery-item elementor-gallery-item elementor-animated-content\" href=\"https:\/\/marenostrumrealestate.com\/wp-content\/uploads\/2023\/10\/Begur-06-scaled.jpg\" data-elementor-open-lightbox=\"yes\" data-elementor-lightbox-slideshow=\"042bc45\" data-elementor-lightbox-title=\"Begur 06\" data-e-action-hash=\"#elementor-action%3Aaction%3Dlightbox%26settings%3DeyJpZCI6OTY1LCJ1cmwiOiJodHRwczpcL1wvbWFyZW5vc3RydW1yZWFsZXN0YXRlLmNvbVwvd3AtY29udGVudFwvdXBsb2Fkc1wvMjAyM1wvMTBcL0JlZ3VyLTA2LXNjYWxlZC5qcGciLCJzbGlkZXNob3ciOiIwNDJiYzQ1In0%3D\">\n\t\t\t\t\t<div class=\"e-gallery-image elementor-gallery-item__image\" data-thumbnail=\"https:\/\/marenostrumrealestate.com\/wp-content\/uploads\/2023\/10\/Begur-06-768x399.jpg\" data-width=\"768\" data-height=\"399\" aria-label=\"\" role=\"img\" ><\/div>\n\t\t\t\t\t\t\t\t\t\t\t<div class=\"elementor-gallery-item__overlay\"><\/div>\n\t\t\t\t\t\t\t\t\t\t\t\t\t\t<\/a>\n\t\t\t\t\t<\/div>\n\t\t\t\t\t<\/div>\n\t\t\t\t<\/div>\n\t\t\t\t\t<\/div>\n\t\t<\/div>\n\t\t\t\t\t<\/div>\n\t\t<\/section>\n\t\t\t\t<section class=\"elementor-section elementor-top-section elementor-element elementor-element-989c1d4 elementor-section-content-middle elementor-section-boxed elementor-section-height-default elementor-section-height-default wpr-particle-no wpr-jarallax-no wpr-parallax-no wpr-sticky-section-no wpr-equal-height-no\" data-id=\"989c1d4\" data-element_type=\"section\" data-e-type=\"section\" data-settings=\"{&quot;background_background&quot;:&quot;classic&quot;,&quot;shape_divider_bottom&quot;:&quot;split&quot;}\">\n\t\t\t\t\t<div class=\"elementor-shape elementor-shape-bottom\" aria-hidden=\"true\" data-negative=\"false\">\n\t\t\t<svg xmlns=\"http:\/\/www.w3.org\/2000\/svg\" viewBox=\"0 0 1000 20\" preserveAspectRatio=\"none\">\n\t<path class=\"elementor-shape-fill\" d=\"M0,0v3c0,0,393.8,0,483.4,0c9.2,0,16.6,7.4,16.6,16.6c0-9.1,7.4-16.6,16.6-16.6C606.2,3,1000,3,1000,3V0H0z\"\/>\n<\/svg>\t\t<\/div>\n\t\t\t\t\t<div class=\"elementor-container elementor-column-gap-no\">\n\t\t\t\t\t<div class=\"elementor-column elementor-col-100 elementor-top-column elementor-element elementor-element-86fd401\" data-id=\"86fd401\" data-element_type=\"column\" data-e-type=\"column\">\n\t\t\t<div class=\"elementor-widget-wrap elementor-element-populated\">\n\t\t\t\t\t\t<div class=\"elementor-element elementor-element-8430990 elementor-widget elementor-widget-text-editor\" data-id=\"8430990\" data-element_type=\"widget\" data-e-type=\"widget\" data-widget_type=\"text-editor.default\">\n\t\t\t\t<div class=\"elementor-widget-container\">\n\t\t\t\t\t\t\t\t\t<p><em>Estamos disponibles para resolver cualquier tipo de pregunta que tengas sobre nuestros servicios<\/em><\/p>\t\t\t\t\t\t\t\t<\/div>\n\t\t\t\t<\/div>\n\t\t\t\t<div class=\"elementor-element elementor-element-1b4c263 elementor-align-center elementor-widget elementor-widget-button\" data-id=\"1b4c263\" data-element_type=\"widget\" data-e-type=\"widget\" data-widget_type=\"button.default\">\n\t\t\t\t<div class=\"elementor-widget-container\">\n\t\t\t\t\t\t\t\t\t<div class=\"elementor-button-wrapper\">\n\t\t\t\t\t<a class=\"elementor-button elementor-button-link elementor-size-sm\" href=\"https:\/\/marenostrumrealestate.com\/index.php\/contacto\/\">\n\t\t\t\t\t\t<span class=\"elementor-button-content-wrapper\">\n\t\t\t\t\t\t\t\t\t<span class=\"elementor-button-text\">contacto<\/span>\n\t\t\t\t\t<\/span>\n\t\t\t\t\t<\/a>\n\t\t\t\t<\/div>\n\t\t\t\t\t\t\t\t<\/div>\n\t\t\t\t<\/div>\n\t\t\t\t\t<\/div>\n\t\t<\/div>\n\t\t\t\t\t<\/div>\n\t\t<\/section>\n\t\t\t\t<\/div>\n\t\t","protected":false},"excerpt":{"rendered":"<p>construcci\u00f3n Construcci\u00f3n de viviendas unifamiliares en begur Construcci\u00f3n de viviendas unifamiliares en Begur galer\u00eda Estamos disponibles para resolver cualquier tipo de pregunta que tengas sobre nuestros servicios contacto<\/p>\n","protected":false},"author":1,"featured_media":960,"parent":0,"menu_order":0,"comment_status":"closed","ping_status":"closed","template":"elementor_header_footer","meta":{"_joinchat":[],"footnotes":""},"class_list":["post-958","page","type-page","status-publish","has-post-thumbnail","hentry"],"yoast_head":"<!-- This site is optimized with the Yoast SEO plugin v27.4 - https:\/\/yoast.com\/product\/yoast-seo-wordpress\/ -->\n<title>Viviendas Unifamiliares Begur - Marenostrum Real Estate<\/title>\n<meta name=\"robots\" content=\"index, follow, max-snippet:-1, max-image-preview:large, max-video-preview:-1\" \/>\n<link rel=\"canonical\" href=\"https:\/\/marenostrumrealestate.com\/index.php\/viviendas-unifamiliares-begur\/\" \/>\n<meta property=\"og:locale\" content=\"es_ES\" \/>\n<meta property=\"og:type\" content=\"article\" \/>\n<meta property=\"og:title\" content=\"Viviendas Unifamiliares Begur - Marenostrum Real Estate\" \/>\n<meta property=\"og:description\" content=\"construcci\u00f3n Construcci\u00f3n de viviendas unifamiliares en begur Construcci\u00f3n de viviendas unifamiliares en Begur galer\u00eda Estamos disponibles para resolver cualquier tipo de pregunta que tengas sobre nuestros servicios contacto\" \/>\n<meta property=\"og:url\" content=\"https:\/\/marenostrumrealestate.com\/index.php\/viviendas-unifamiliares-begur\/\" \/>\n<meta property=\"og:site_name\" content=\"Marenostrum Real Estate\" \/>\n<meta property=\"article:modified_time\" content=\"2023-10-06T14:51:51+00:00\" \/>\n<meta property=\"og:image\" content=\"https:\/\/marenostrumrealestate.com\/wp-content\/uploads\/2023\/10\/begur-01-scaled.jpg\" \/>\n\t<meta property=\"og:image:width\" content=\"2560\" \/>\n\t<meta property=\"og:image:height\" content=\"1920\" \/>\n\t<meta property=\"og:image:type\" content=\"image\/jpeg\" \/>\n<meta name=\"twitter:card\" content=\"summary_large_image\" \/>\n<meta name=\"twitter:label1\" content=\"Tiempo de lectura\" \/>\n\t<meta name=\"twitter:data1\" content=\"1 minuto\" \/>\n<script type=\"application\/ld+json\" class=\"yoast-schema-graph\">{\"@context\":\"https:\\\/\\\/schema.org\",\"@graph\":[{\"@type\":\"WebPage\",\"@id\":\"https:\\\/\\\/marenostrumrealestate.com\\\/index.php\\\/viviendas-unifamiliares-begur\\\/\",\"url\":\"https:\\\/\\\/marenostrumrealestate.com\\\/index.php\\\/viviendas-unifamiliares-begur\\\/\",\"name\":\"Viviendas Unifamiliares Begur - Marenostrum Real Estate\",\"isPartOf\":{\"@id\":\"https:\\\/\\\/marenostrumrealestate.com\\\/#website\"},\"primaryImageOfPage\":{\"@id\":\"https:\\\/\\\/marenostrumrealestate.com\\\/index.php\\\/viviendas-unifamiliares-begur\\\/#primaryimage\"},\"image\":{\"@id\":\"https:\\\/\\\/marenostrumrealestate.com\\\/index.php\\\/viviendas-unifamiliares-begur\\\/#primaryimage\"},\"thumbnailUrl\":\"https:\\\/\\\/marenostrumrealestate.com\\\/wp-content\\\/uploads\\\/2023\\\/10\\\/begur-01-scaled.jpg\",\"datePublished\":\"2023-10-06T13:48:51+00:00\",\"dateModified\":\"2023-10-06T14:51:51+00:00\",\"breadcrumb\":{\"@id\":\"https:\\\/\\\/marenostrumrealestate.com\\\/index.php\\\/viviendas-unifamiliares-begur\\\/#breadcrumb\"},\"inLanguage\":\"es\",\"potentialAction\":[{\"@type\":\"ReadAction\",\"target\":[\"https:\\\/\\\/marenostrumrealestate.com\\\/index.php\\\/viviendas-unifamiliares-begur\\\/\"]}]},{\"@type\":\"ImageObject\",\"inLanguage\":\"es\",\"@id\":\"https:\\\/\\\/marenostrumrealestate.com\\\/index.php\\\/viviendas-unifamiliares-begur\\\/#primaryimage\",\"url\":\"https:\\\/\\\/marenostrumrealestate.com\\\/wp-content\\\/uploads\\\/2023\\\/10\\\/begur-01-scaled.jpg\",\"contentUrl\":\"https:\\\/\\\/marenostrumrealestate.com\\\/wp-content\\\/uploads\\\/2023\\\/10\\\/begur-01-scaled.jpg\",\"width\":2560,\"height\":1920},{\"@type\":\"BreadcrumbList\",\"@id\":\"https:\\\/\\\/marenostrumrealestate.com\\\/index.php\\\/viviendas-unifamiliares-begur\\\/#breadcrumb\",\"itemListElement\":[{\"@type\":\"ListItem\",\"position\":1,\"name\":\"Portada\",\"item\":\"https:\\\/\\\/marenostrumrealestate.com\\\/\"},{\"@type\":\"ListItem\",\"position\":2,\"name\":\"Viviendas Unifamiliares Begur\"}]},{\"@type\":\"WebSite\",\"@id\":\"https:\\\/\\\/marenostrumrealestate.com\\\/#website\",\"url\":\"https:\\\/\\\/marenostrumrealestate.com\\\/\",\"name\":\"Marenostrum Real Estate - Inmobiliaria en Girona\",\"description\":\"Marenostrum Real Estate, inmobiliaria en Llagostera, Girona. Luxury Rentals, Holiday Rentals in Girona. Compra y Venta de Propiedades\",\"publisher\":{\"@id\":\"https:\\\/\\\/marenostrumrealestate.com\\\/#organization\"},\"alternateName\":\"MN Real Estate\",\"potentialAction\":[{\"@type\":\"SearchAction\",\"target\":{\"@type\":\"EntryPoint\",\"urlTemplate\":\"https:\\\/\\\/marenostrumrealestate.com\\\/?s={search_term_string}\"},\"query-input\":{\"@type\":\"PropertyValueSpecification\",\"valueRequired\":true,\"valueName\":\"search_term_string\"}}],\"inLanguage\":\"es\"},{\"@type\":\"Organization\",\"@id\":\"https:\\\/\\\/marenostrumrealestate.com\\\/#organization\",\"name\":\"Marenostrum Real Estate - Inmobiliaria en Girona\",\"url\":\"https:\\\/\\\/marenostrumrealestate.com\\\/\",\"logo\":{\"@type\":\"ImageObject\",\"inLanguage\":\"es\",\"@id\":\"https:\\\/\\\/marenostrumrealestate.com\\\/#\\\/schema\\\/logo\\\/image\\\/\",\"url\":\"https:\\\/\\\/marenostrumrealestate.com\\\/wp-content\\\/uploads\\\/2023\\\/09\\\/LOGOTIPO-1-BLANCO-SOLIDO2.png\",\"contentUrl\":\"https:\\\/\\\/marenostrumrealestate.com\\\/wp-content\\\/uploads\\\/2023\\\/09\\\/LOGOTIPO-1-BLANCO-SOLIDO2.png\",\"width\":1837,\"height\":864,\"caption\":\"Marenostrum Real Estate - Inmobiliaria en Girona\"},\"image\":{\"@id\":\"https:\\\/\\\/marenostrumrealestate.com\\\/#\\\/schema\\\/logo\\\/image\\\/\"}}]}<\/script>\n<!-- \/ Yoast SEO plugin. -->","yoast_head_json":{"title":"Viviendas Unifamiliares Begur - Marenostrum Real Estate","robots":{"index":"index","follow":"follow","max-snippet":"max-snippet:-1","max-image-preview":"max-image-preview:large","max-video-preview":"max-video-preview:-1"},"canonical":"https:\/\/marenostrumrealestate.com\/index.php\/viviendas-unifamiliares-begur\/","og_locale":"es_ES","og_type":"article","og_title":"Viviendas Unifamiliares Begur - Marenostrum Real Estate","og_description":"construcci\u00f3n Construcci\u00f3n de viviendas unifamiliares en begur Construcci\u00f3n de viviendas unifamiliares en Begur galer\u00eda Estamos disponibles para resolver cualquier tipo de pregunta que tengas sobre nuestros servicios contacto","og_url":"https:\/\/marenostrumrealestate.com\/index.php\/viviendas-unifamiliares-begur\/","og_site_name":"Marenostrum Real Estate","article_modified_time":"2023-10-06T14:51:51+00:00","og_image":[{"width":2560,"height":1920,"url":"https:\/\/marenostrumrealestate.com\/wp-content\/uploads\/2023\/10\/begur-01-scaled.jpg","type":"image\/jpeg"}],"twitter_card":"summary_large_image","twitter_misc":{"Tiempo de lectura":"1 minuto"},"schema":{"@context":"https:\/\/schema.org","@graph":[{"@type":"WebPage","@id":"https:\/\/marenostrumrealestate.com\/index.php\/viviendas-unifamiliares-begur\/","url":"https:\/\/marenostrumrealestate.com\/index.php\/viviendas-unifamiliares-begur\/","name":"Viviendas Unifamiliares Begur - Marenostrum Real Estate","isPartOf":{"@id":"https:\/\/marenostrumrealestate.com\/#website"},"primaryImageOfPage":{"@id":"https:\/\/marenostrumrealestate.com\/index.php\/viviendas-unifamiliares-begur\/#primaryimage"},"image":{"@id":"https:\/\/marenostrumrealestate.com\/index.php\/viviendas-unifamiliares-begur\/#primaryimage"},"thumbnailUrl":"https:\/\/marenostrumrealestate.com\/wp-content\/uploads\/2023\/10\/begur-01-scaled.jpg","datePublished":"2023-10-06T13:48:51+00:00","dateModified":"2023-10-06T14:51:51+00:00","breadcrumb":{"@id":"https:\/\/marenostrumrealestate.com\/index.php\/viviendas-unifamiliares-begur\/#breadcrumb"},"inLanguage":"es","potentialAction":[{"@type":"ReadAction","target":["https:\/\/marenostrumrealestate.com\/index.php\/viviendas-unifamiliares-begur\/"]}]},{"@type":"ImageObject","inLanguage":"es","@id":"https:\/\/marenostrumrealestate.com\/index.php\/viviendas-unifamiliares-begur\/#primaryimage","url":"https:\/\/marenostrumrealestate.com\/wp-content\/uploads\/2023\/10\/begur-01-scaled.jpg","contentUrl":"https:\/\/marenostrumrealestate.com\/wp-content\/uploads\/2023\/10\/begur-01-scaled.jpg","width":2560,"height":1920},{"@type":"BreadcrumbList","@id":"https:\/\/marenostrumrealestate.com\/index.php\/viviendas-unifamiliares-begur\/#breadcrumb","itemListElement":[{"@type":"ListItem","position":1,"name":"Portada","item":"https:\/\/marenostrumrealestate.com\/"},{"@type":"ListItem","position":2,"name":"Viviendas Unifamiliares Begur"}]},{"@type":"WebSite","@id":"https:\/\/marenostrumrealestate.com\/#website","url":"https:\/\/marenostrumrealestate.com\/","name":"Marenostrum Real Estate - Inmobiliaria en Girona","description":"Marenostrum Real Estate, inmobiliaria en Llagostera, Girona. Luxury Rentals, Holiday Rentals in Girona. Compra y Venta de Propiedades","publisher":{"@id":"https:\/\/marenostrumrealestate.com\/#organization"},"alternateName":"MN Real Estate","potentialAction":[{"@type":"SearchAction","target":{"@type":"EntryPoint","urlTemplate":"https:\/\/marenostrumrealestate.com\/?s={search_term_string}"},"query-input":{"@type":"PropertyValueSpecification","valueRequired":true,"valueName":"search_term_string"}}],"inLanguage":"es"},{"@type":"Organization","@id":"https:\/\/marenostrumrealestate.com\/#organization","name":"Marenostrum Real Estate - Inmobiliaria en Girona","url":"https:\/\/marenostrumrealestate.com\/","logo":{"@type":"ImageObject","inLanguage":"es","@id":"https:\/\/marenostrumrealestate.com\/#\/schema\/logo\/image\/","url":"https:\/\/marenostrumrealestate.com\/wp-content\/uploads\/2023\/09\/LOGOTIPO-1-BLANCO-SOLIDO2.png","contentUrl":"https:\/\/marenostrumrealestate.com\/wp-content\/uploads\/2023\/09\/LOGOTIPO-1-BLANCO-SOLIDO2.png","width":1837,"height":864,"caption":"Marenostrum Real Estate - Inmobiliaria en Girona"},"image":{"@id":"https:\/\/marenostrumrealestate.com\/#\/schema\/logo\/image\/"}}]}},"_links":{"self":[{"href":"https:\/\/marenostrumrealestate.com\/index.php\/wp-json\/wp\/v2\/pages\/958","targetHints":{"allow":["GET"]}}],"collection":[{"href":"https:\/\/marenostrumrealestate.com\/index.php\/wp-json\/wp\/v2\/pages"}],"about":[{"href":"https:\/\/marenostrumrealestate.com\/index.php\/wp-json\/wp\/v2\/types\/page"}],"author":[{"embeddable":true,"href":"https:\/\/marenostrumrealestate.com\/index.php\/wp-json\/wp\/v2\/users\/1"}],"replies":[{"embeddable":true,"href":"https:\/\/marenostrumrealestate.com\/index.php\/wp-json\/wp\/v2\/comments?post=958"}],"version-history":[{"count":5,"href":"https:\/\/marenostrumrealestate.com\/index.php\/wp-json\/wp\/v2\/pages\/958\/revisions"}],"predecessor-version":[{"id":1015,"href":"https:\/\/marenostrumrealestate.com\/index.php\/wp-json\/wp\/v2\/pages\/958\/revisions\/1015"}],"wp:featuredmedia":[{"embeddable":true,"href":"https:\/\/marenostrumrealestate.com\/index.php\/wp-json\/wp\/v2\/media\/960"}],"wp:attachment":[{"href":"https:\/\/marenostrumrealestate.com\/index.php\/wp-json\/wp\/v2\/media?parent=958"}],"curies":[{"name":"wp","href":"https:\/\/api.w.org\/{rel}","templated":true}]}}